 (-2)/5*(3 - 28). Let l(p) = 7*p - 3. Let b be l(9). Calculate the greatest common divisor of c and b.
10
Let k(p) = -4*p - 20. Let h be k(-9). What is the highest common factor of h and 4?
4
Let j(c) = 48*c. Let p be j(1). Suppose -p = -f - 3*f. Calculate the greatest common divisor of f and 24.
12
Suppose 0 = -f + 5 + 17. Calculate the greatest common divisor of f and 176.
22
Let i be ((-3)/2)/((-1)/10). Suppose -3*k = i + 3. Let o be (16/(-6))/(2/k). What is the greatest common factor of 24 and o?
8
Let l = 12 - 9. Suppose -93 + 26 = -l*u - 5*f, 4*f + 28 = u. Calculate the highest common divisor of u and 60.
12
Suppose -20 = -5*n + n. What is the highest common factor of n and 15?
5
Let h = 121 + -39. Suppose -f - h = -4*r + f, -r + f + 21 = 0. Calculate the greatest common factor of r and 50.
10
Let g(i) = 41*i + 7. Let y be g(-9). Let d = y + 211. Let w be d/(-3) - (-4)/(-12). Calculate the greatest common factor of 10 and w.
10
Let o(s) = 3*s**2 - 2*s - 2. Let c be o(-2). Calculate the highest common divisor of c and 98.
14
Let u = 4 + -8. Let q = -1 - u. Calculate the highest common divisor of 33 and q.
3
Suppose 5*t - 2*u - 25 = 0, -5*t - 6*u - 5 = -2*u. Calculate the greatest common divisor of t and 12.
3
Suppose 5*f - 24 = -2*g + 8*f, 0 = -5*f. Suppose -36 = -4*j + j. What is the greatest common divisor of g and j?
12
Let n(y) = -5*y**3 + 4*y**2 - 2*y - 1. Let t(l) = l**3 - l**2. Let c(j) = -n(j) - 4*t(j). Let u be c(3). What is the highest common factor of 51 and u?
17
Let m(r) = -3*r + 4. Let w(b) = b + 1. Let u be w(-4). Let a be m(u). Calculate the highest common factor of 52 and a.
13
Let y = -6 + 8. Suppose y*p + 98 = a + 3*p, -p = 3*a - 288. Let s = 40 + -2. What is the greatest common factor of a and s?
19
Let q = -4 - -7. Suppose 5*s + q*y - 115 = 0, 0*s = -2*s - 5*y + 65. Suppose -w + 5*j = 0, 40 + 56 = 4*w + 4*j. Calculate the greatest common factor of s and w.
20
Let a = 26 + -18. Let x = -12 + a. Let s be (-220)/(-16) - 1/x. What is the highest common divisor of 2 and s?
2
Suppose 4*g + d - 116 = -2*d, 5*d = -5*g + 140. Calculate the highest common factor of 224 and g.
32
Let o be 38/3 + (-3)/(-9). Suppose -7*u + 3*u + o = -a, a + 5 = 0. What is the greatest common factor of 6 and u?
2
Let q(m) = -2*m - 2. Let v be q(-13). What is the greatest common factor of v and 24?
24
Suppose -2*a - 5 = s, a = -0*a - 4*s - 20. Suppose a = 4*z - 8, 2*z = 6*k - 2*k - 12. Calculate the highest common factor of k and 16.
4
Let j(c) = c**3 - 10*c**2 + 11*c - 12. Let w be ((-12)/(-2))/((-2)/(-3)). Let z be j(w). What is the highest common factor of 6 and z?
6
Let n(s) = 36*s + 2. Let d be n(1). Suppose 5*w + p = -0*p + 61, 2*p - d = -3*w. Calculate the highest common divisor of 96 and w.
12
Suppose h - 5*h = -8. Suppose 3*i + 4 + 7 = -2*g, -14 = -h*g + 2*i. Suppose 5 = g*f + 1. What is the greatest common factor of f and 8?
2
Let n(y) = 3*y - 30. Let v be n(17). Calculate the highest common factor of 7 and v.
7
Suppose -37 + 12 = -5*p. Suppose p*f + 3*j - 6 = 0, -5*j = -3 + 18. Let z be 23 - (-1 - -1) - 2. What is the highest common divisor of f and z?
3
Suppose 10 = 4*g + g. Suppose -g*z + 25 = 3*z. Let w be -8*-2*z/2. What is the greatest common factor of w and 10?
10
Suppose -16 = -3*n + 32. What is the greatest common factor of 24 and n?
8
Let p be (-22)/(-77) - (-864)/14. What is the greatest common divisor of p and 93?
31
Suppose 0 = 32*f - 33*f + 24. Calculate the greatest common divisor of 144 and f.
24
Suppose -8 = -4*q - 4*u, q + 0*q - u = 10. Suppose 2*r - q = -0*r. Let d be (16/r)/4*6. What is the highest common divisor of d and 32?
8
Suppose 5*s - 2*s - 3*v = 0, -s = 3*v. Suppose -i + 15 + 21 = s. Calculate the greatest common factor of i and 12.
12
Let k(c) = -c**3 + 3*c**2 + 3*c + 5. Let g be k(4). Suppose -5*p + 4 = -1. Calculate the highest common divisor of g and p.
1
Let j(w) = -17*w + 2. Let n be j(-6). Suppose -5*g = -4*g - n. Suppose 0 = 5*z + 15, k - 10 = z - 2*z. Calculate the greatest common divisor of g and k.
13
Suppose 0 = -3*y - 2*f + 42 + 121, 3*y + 4*f = 161. Let k be 5 + 1 + 5 + -6. Calculate the highest common divisor of y and k.
5
Let y be (-3)/2*280/(-6). Calculate the highest common factor of y and 14.
14
Suppose -a = a + 124. Let s = -22 - a. Let p = -12 + 20. Calculate the greatest common divisor of s and p.
8
Suppose 5*b - 81 = -f, 3 = 2*f + f. What is the greatest common divisor of b and 4?
4
Let g(x) = -x**3 + 2*x + 5. Let i be g(0). Let o = -6 + 11. Suppose 0 = 2*s - s - 3*r - 14, 0 = 4*s + o*r - 5. What is the highest common factor of i and s?
5
Suppose 4*v + 2*p - 109 = v, -4*v + 122 = -2*p. What is the highest common divisor of v and 11?
11
Let v = -19 - -29. Suppose 2*i - 6 = v. What is the highest common factor of 64 and i?
8
Suppose 16 = 5*j - 29. Let z be (-2 - -1 - 0) + j. Suppose 0 = 3*r - 3*h - 42, 4*h - 5 = -13. Calculate the greatest common factor of z and r.
4
Let q = -57 + 63. Calculate the highest common divisor of q and 30.
6
Let r = 44 - 36. What is the greatest common factor of r and 1?
1
Suppose -4*z + 0 = -20, 4*z = -t + 65. Suppose t = f + 4*x, 0 = -0*x - x. Calculate the greatest common divisor of 18 and f.
9
Suppose -3*f + 18 = -0*f. Let s be (-6)/(-4)*13/((-351)/(-36)). What is the highest common divisor of s and f?
2
Let i(o) = 6*o + 12*o - 4*o + o**2 - 2*o**2. Let h be i(9). Let k = h + -32. What is the greatest common divisor of 26 and k?
13
Let b(x) = 15*x + 7. Let z(w) = -1. Let y(f) = -b(f) - 6*z(f). Let c be y(-1). Calculate the highest common divisor of 14 and c.
14
Let v be 7/3 + 2/(-6). Suppose 0*n - v*n = -6. Let a be (-1)/4 - 25/(-4). Calculate the greatest common factor of a and n.
3
Let f(b) = -b**3 - 2*b**2 - 2. Let d be f(-4). Suppose -x = -4*x + d. What is the highest common divisor of 50 and x?
10
Let y(n) = -n**2. Let w be y(1). Let t = 6 + w. Let c be (-2)/t*(-1 - 34). Calculate the highest common divisor of c and 35.
7
Let a(d) = d + 578. Let r be a(0). Let y be r/8 - (-3)/(-12). Calculate the highest common factor of 8 and y.
8
Let b(s) = s**2 - 5*s + 3. Let p be b(5). Let r be (p/(-6))/((-2)/(-4)). Let k be -2 + (0 - (-113 - r)). What is the highest common divisor of 10 and k?
10
Let g(f) = -f**3 - 10*f**2 - 12*f - 22. Let t be g(-9). Suppose 4*l + 9 = t*l. Calculate the greatest common factor of l and 9.
9
Suppose 2*z + 20 = 104. Let w be 4/(-18) + 184/18. Suppose 4*l + 3*m - 30 = 0, 0 = 2*l - m - 0*m - w. What is the greatest common factor of z and l?
6
Suppose b + 3 = 0, -f - 4*b = 4*f - 118. Let u(g) = -g + 2. Let r be u(5). Let s = r - -16. What is the greatest common divisor of f and s?
13
Suppose -k - 4*k = -115. What is the greatest common factor of k and 46?
23
Let q = 36 + -14. Let r(f) = -4*f - 22. Suppose -33 = 2*c + c. Let l be r(c). What is the highest common factor of q and l?
22
Let a(g) = -g**2 - 10*g + 13. Let o be a(-11). Suppose 3*k = -2*h + 92, o*h - 192 = -3*h + 2*k. What is the greatest common factor of 16 and h?
8
Let j be (-2 - -2) + (-4)/(-1). Let b be (-4)/2*(-14)/j. Suppose 5*v + g - 71 - b = 0, -2*v - 2*g = -28. Calculate the greatest common divisor of 48 and v.
16
Let b = -11 + 15. Suppose b*m = m + 513. What is the highest common factor of m and 19?
19
Let h = 61 - -105. Let u be h/5 + (-1)/5. Suppose -2*t + 4*t = 6. What is the greatest common divisor of t and u?
3
Let f be 3*-2*(-2)/3. Let q be (218/11 + 22/121)/1. What is the highest common divisor of f and q?
4
Let w(s) = 2*s - 5. Let q be w(9). Calculate the highest common divisor of q and 104.
13
Suppose 3 = f - 3. Suppose -138 = -8*r + f*r. Calculate the greatest common divisor of r and 46.
23
Let k be ((-9)/(-2))/(-9)*-192. Calculate the greatest common factor of 24 and k.
24
Let t(o) = o + 2. Let y be t(4). Suppose -33 = -3*d + y*d. Let j = d + 19. Calculate the greatest common divisor of j and 16.
8
Let p be 2 - ((-2)/3)/((-12)/(-18)). Let g(c) = -c**2 - 5*c + 4. Let l be g(-5). Suppose -12 = -l*s + 72. Calculate the highest common divisor of s and p.
3
Suppose -17 = 3*s - 8. Let y be ((-33 - s) + 3)*-1. What is the highest common factor of y and 18?
9
Let o(h) = -h**3 + 4*h**2 + 4*h - 4. Let p be o(4). Let i be 1090/45 - (-2)/(-9). Calculate the greatest 